{"id":2,"date":"2016-05-10T03:48:21","date_gmt":"2016-05-10T03:48:21","guid":{"rendered":"http:\/\/bigtime-studios.de\/?page_id=2"},"modified":"2026-03-24T08:56:51","modified_gmt":"2026-03-24T08:56:51","slug":"sample-page","status":"publish","type":"page","link":"https:\/\/bigtime-studios.de\/","title":{"rendered":"home"},"content":{"rendered":"<div class=\"wpb-content-wrapper\"><p>[vc_row][vc_column][vc_single_image image=&#8220;508&#8243; img_size=&#8220;960&#215;400&#8243; alignment=&#8220;center&#8220;][\/vc_column][\/vc_row][vc_row css=&#8220;.vc_custom_1626252709251{margin-top: 0px !important;margin-bottom: 30px !important;}&#8220; el_id=&#8220;audio&#8220;][vc_column][vc_cta h2=&#8220;Entspannen &#8211; Nachdenken &#8211; Kekse essen&#8220; shape=&#8220;square&#8220; add_button=&#8220;bottom&#8220; btn_title=&#8220;contact&#8220; btn_style=&#8220;outline-custom&#8220; btn_outline_custom_color=&#8220;#0267e2&#8243; btn_outline_custom_hover_background=&#8220;#0246d8&#8243; btn_outline_custom_hover_text=&#8220;#efefef&#8220; btn_shape=&#8220;square&#8220; css=&#8220;&#8220; btn_link=&#8220;url:https%3A%2F%2Fbigtime-studios.de%2F%3Fpage_id%3D736|title:contact|target:_blank&#8220;]<span style=\"font-size: 11pt;\"><span style=\"font-family: helvetica, arial, sans-serif; font-size: 11pt;\">&#8230; Kaffee trinken, nicht alles selber machen, auch mal delegieren k\u00f6nnen, an die Richtigen. Klingt besser und kostet weniger als Du denkst\u00a0 &#x1f60a;<br \/>\n<\/span><\/span>[\/vc_cta][\/vc_column][\/vc_row][vc_row][vc_column][vc_column_text]<span style=\"font-size: 12pt;\"><span style=\"font-size: 13pt;\">audio services\u00a0<i class=\"fa fa-microphone\" aria-hidden=\"true\"> <\/i><\/span><br \/>\nsprachaufnahmen \u0131 sounddesign \u0131 vertonung \u0131 h\u00f6rbuchproduktion \u0131 podcast \u0131 h\u00f6rspiel \u0131 werbung fernseh-und filmbearbeitung \u0131 audio postproduction \u0131 o-tonbearbeitung \u0131 o-tonschnitt \u0131 o-ton mischung \u0131 IT-bearbeitung \u0131<\/span>[\/vc_column_text][\/vc_column][\/vc_row][vc_row disable_element=&#8220;yes&#8220; el_id=&#8220;cloud&#8220;][vc_column][vc_column_text]<\/p>\n<p style=\"text-align: left;\"><span style=\"font-size: 12pt; color: #333333;\">cloud server (Kundenbereich)<br \/>\n<\/span><\/p>\n<p style=\"text-align: center;\"><img decoding=\"async\" class=\"size-full wp-image-256 alignleft\" src=\"http:\/\/bigtime-studios.de\/wp-content\/uploads\/2020\/10\/cloudserver-up.png\" alt=\"\" width=\"59\" height=\"45\" \/><\/p>\n<p>[\/vc_column_text][\/vc_column][\/vc_row][vc_row css=&#8220;.vc_custom_1623573056064{margin-top: 20px !important;margin-bottom: 20px !important;}&#8220;][vc_column][vc_separator color=&#8220;mulled_wine&#8220; align=&#8220;align_left&#8220; el_width=&#8220;40&#8243;][\/vc_column][\/vc_row][vc_row el_id=&#8220;audiorepair&#8220;][vc_column][vc_column_text]<span style=\"font-size: 12pt;\"><span style=\"font-size: 13pt;\">audiorepair<\/span><br \/>\naudio repair<span style=\"color: #333333;\"> bedeutet <\/span><\/span><span style=\"color: #333333; font-size: 12pt;\">St\u00f6rger\u00e4usche aus dem vorhandenen Audiomaterial zu entfernen, ohne dabei das Nutzsignal h\u00f6rbar zu besch\u00e4digen.<\/span><br \/>\n<span style=\"color: #333333; font-size: 12pt;\">Unsere hocheffiziente repair software entfernt zuverl\u00e4ssig Rauschen, Brummen, Knistern, Knacken, Kleiderger\u00e4usche oder unerw\u00fcnschte Hallanteile aus Audioaufnahmen. repair arbeitet mit modernster KI Technologie.<\/span><br \/>\n<span style=\"font-size: 12pt;\">audio repair <span style=\"color: #333333;\">kann ein aufw\u00e4ndiges re-recording vermeiden<\/span><\/span><\/p>\n<p><img fetchpriority=\"high\" decoding=\"async\" class=\"\" src=\"http:\/\/bigtime-studios.de\/wp-content\/uploads\/2020\/10\/spektrum1.jpg\" alt=\"\" width=\"304\" height=\"167\" \/><\/p>\n<p><span style=\"font-size: 12pt;\">Einsatzbereiche<\/span><br \/>\n<span style=\"font-size: 12pt;\">\u2022 Reparatur von besch\u00e4digten oder missgl\u00fcckten O-Ton Aufnahmen bei Film- und TV-Drehs<\/span><br \/>\n<span style=\"font-size: 12pt;\">\u2022 Reparatur von H\u00f6rbuchaufnahmen<\/span><br \/>\n<span style=\"font-size: 12pt;\">\u2022 Reparatur von Audioaufnahmen aus Netzkonferenzen oder online Anwendungen<\/span><br \/>\n<span style=\"font-size: 12pt;\">\u2022 Verbesserung von \u00e4lteren, analogen Audioaufnahmen<\/span>[\/vc_column_text][\/vc_column][\/vc_row][vc_row css=&#8220;.vc_custom_1623573131365{margin-top: 20px !important;margin-bottom: 20px !important;}&#8220;][vc_column][vc_separator color=&#8220;mulled_wine&#8220; align=&#8220;align_left&#8220; el_width=&#8220;40&#8243;][\/vc_column][\/vc_row][vc_row el_id=&#8220;musicservices&#8220;][vc_column][vc_column_text]<span style=\"font-size: 13pt;\">media<\/span>\u00a0<i class=\"fa fa-music\" aria-hidden=\"true\"> <\/i><br \/>\n<span style=\"font-size: 12pt;\">musikberatung \u0131 musikauswahl \u0131 musikschnitt \u0131 musik-IT \u0131 replacement of original composed music \u0131 library music consulting \u0131 musikmix \u0131 remix \u0131 musikarrangement \u0131 komposition \u0131<br \/>\n<\/span>[\/vc_column_text][\/vc_column][\/vc_row][vc_row css=&#8220;.vc_custom_1623573198823{margin-top: 20px !important;}&#8220;][vc_column][vc_separator color=&#8220;mulled_wine&#8220; align=&#8220;align_left&#8220; el_width=&#8220;40&#8243;][\/vc_column][\/vc_row][vc_row el_id=&#8220;work&#8220;][vc_column][vc_custom_heading text=&#8220;work (excerpts)&#8220; font_container=&#8220;tag:p|font_size:13pt|text_align:left|color:%23333333&#8243; use_theme_fonts=&#8220;yes&#8220;][\/vc_column][\/vc_row][vc_row][vc_column][vc_column_text]<span style=\"font-size: 13pt;\">audio post production <i class=\"fas fa-headphones\"><\/i><\/span><span style=\"color: #13aff0;\"><br \/>\n<span style=\"font-size: 12pt;\">Die Feuerengel<\/span><\/span><span style=\"font-size: 12pt;\"> Hauptabendserie Post Produktion \u0131 <span style=\"color: #13aff0;\">Sinan Tobrak ist Der Unbestechliche<\/span> Post Produktion \u0131<span style=\"color: #13aff0;\"> Powder Park<\/span> ARD-Vorabendserie Tonbearbeitung inkl. Mischung \u0131 <span style=\"color: #13aff0;\">Jets &#8211; Leben am Limit<\/span> Hauptabendserie Post Produktion \u0131 <span style=\"color: #13aff0;\">Die Liebe kommt mit dem Untermieter <\/span>SAT1 TV Movie Post Produktion, Mischung \u0131 <span style=\"color: #13aff0;\">Mein erster Freund, Mutter und ich <\/span>PRO7 Postproduction \u0131 <span style=\"color: #13aff0;\">Der letzte Lude<\/span> Kinokom\u00f6die <span style=\"color: #13aff0;\">Crazy Race <\/span>RTL IT-Mischung \u0131 <span style=\"color: #13aff0;\">Janosch Tigerentenclub<\/span> Post Produktion, Musik, Mischung \u0131 <span style=\"color: #13aff0;\">Die witzigsten Werbespots der Welt <\/span>Comedy Post Produktion, Sprachsynchron, Mischung \u0131 <span style=\"color: #13aff0;\">UFO Doku<\/span> Preisgekr\u00f6nte Doku \u0131 <span style=\"color: #13aff0;\">Aus der Zauber<\/span> SAT1 \u0131 <span style=\"color: #13aff0;\">Frauen im Aufstieg<\/span> Doku \u0131 <span style=\"color: #13aff0;\">Das Drachenloch<\/span> Doku \u0131 <span style=\"color: #13aff0;\">MICROSOFT Flightsimulator<\/span> Sprachaufnahmen multilingual \u0131 <span style=\"color: #13aff0;\">Spanische Liebesgeschichten<\/span> H\u00f6rbuch &#8211; gelesen von Max Tidof \u0131 <span style=\"color: #13aff0;\">Funkspotkampagne &#8211; EMOTIONS<\/span> by Galeria Kaufhof \u0131 <span style=\"color: #13aff0;\">Privatmuseum f\u00fcr Druck Goldschagg<\/span> Videoproduktion, DVD \u0131 <span style=\"color: #13aff0;\">Dynatrace Produktvideo<\/span> Sprachservice inkl. Sprecherauswahl, Aufnahmen, Schnitt, Nachbearbeitung, Bereitstellung \u0131 <span style=\"color: #13aff0;\">compuware<\/span> Produktvideo Sprachservice (mehrsprachig) inkl. Sprecherauswahl, Aufnahmen, Schnitt, Nachbearbeitung, Bereitstellung , und noch jede Menge t\u00e4gliche Studioarbeit mehr &#8230;<br \/>\n<\/span>[\/vc_column_text][\/vc_column][\/vc_row][vc_row][vc_column][vc_separator color=&#8220;mulled_wine&#8220; align=&#8220;align_left&#8220; el_width=&#8220;40&#8243;][\/vc_column][\/vc_row][vc_row el_id=&#8220;history&#8220;][vc_column][vc_cta h2=&#8220;music &amp; history&#8220; h2_font_container=&#8220;tag:h1|font_size:12pt|text_align:left|color:%23333333&#8243; h2_google_fonts=&#8220;font_family:Noto%20Sans%3Aregular%2Citalic%2C700%2C700italic|font_style:400%20regular%3A400%3Anormal&#8220; shape=&#8220;square&#8220; color=&#8220;white&#8220; add_button=&#8220;bottom&#8220; btn_title=&#8220;GO&#8220; btn_shape=&#8220;square&#8220; btn_color=&#8220;blue&#8220; btn_align=&#8220;left&#8220; css=&#8220;.vc_custom_1675104599957{background-color: #ffffff !important;}&#8220; use_custom_fonts_h2=&#8220;true&#8220; btn_link=&#8220;url:%20|title:%20&#8243;][\/vc_cta][\/vc_column][\/vc_row]<\/p>\n<\/div>","protected":false},"excerpt":{"rendered":"<p>[vc_row][vc_column][vc_single_image image=&#8220;508&#8243; img_size=&#8220;960&#215;400&#8243; alignment=&#8220;center&#8220;][\/vc_column][\/vc_row][vc_row css=&#8220;.vc_custom_1626252709251{margin-top: 0px !important;margin-bottom: 30px !important;}&#8220; el_id=&#8220;audio&#8220;][vc_column][vc_cta h2=&#8220;Entspannen &#8211; Nachdenken &#8211; Kekse essen&#8220; shape=&#8220;square&#8220; add_button=&#8220;bottom&#8220; btn_title=&#8220;contact&#8220; btn_style=&#8220;outline-custom&#8220; btn_outline_custom_color=&#8220;#0267e2&#8243; btn_outline_custom_hover_background=&#8220;#0246d8&#8243; btn_outline_custom_hover_text=&#8220;#efefef&#8220; btn_shape=&#8220;square&#8220; css=&#8220;&#8220; btn_link=&#8220;url:https%3A%2F%2Fbigtime-studios.de%2F%3Fpage_id%3D736|title:contact|target:_blank&#8220;]&#8230; Kaffee trinken, nicht alles selber machen, auch mal delegieren k\u00f6nnen, an die Richtigen. Klingt besser und kostet weniger als Du denkst\u00a0 &#x1f60a; [\/vc_cta][\/vc_column][\/vc_row][vc_row][vc_column][vc_column_text]audio services\u00a0 sprachaufnahmen \u0131 sounddesign \u0131 vertonung [&hellip;]<\/p>\n","protected":false},"author":1,"featured_media":0,"parent":0,"menu_order":0,"comment_status":"closed","ping_status":"open","template":"","meta":{"ocean_post_layout":"","ocean_both_sidebars_style":"","ocean_both_sidebars_content_width":0,"ocean_both_sidebars_sidebars_width":0,"ocean_sidebar":"0","ocean_second_sidebar":"0","ocean_disable_margins":"enable","ocean_add_body_class":"","ocean_shortcode_before_top_bar":"","ocean_shortcode_after_top_bar":"","ocean_shortcode_before_header":"","ocean_shortcode_after_header":"","ocean_has_shortcode":"","ocean_shortcode_after_title":"","ocean_shortcode_before_footer_widgets":"","ocean_shortcode_after_footer_widgets":"","ocean_shortcode_before_footer_bottom":"","ocean_shortcode_after_footer_bottom":"","ocean_display_top_bar":"default","ocean_display_header":"default","ocean_header_style":"","ocean_center_header_left_menu":"0","ocean_custom_header_template":"0","ocean_custom_logo":0,"ocean_custom_retina_logo":0,"ocean_custom_logo_max_width":0,"ocean_custom_logo_tablet_max_width":0,"ocean_custom_logo_mobile_max_width":0,"ocean_custom_logo_max_height":0,"ocean_custom_logo_tablet_max_height":0,"ocean_custom_logo_mobile_max_height":0,"ocean_header_custom_menu":"0","ocean_menu_typo_font_family":"0","ocean_menu_typo_font_subset":"","ocean_menu_typo_font_size":0,"ocean_menu_typo_font_size_tablet":0,"ocean_menu_typo_font_size_mobile":0,"ocean_menu_typo_font_size_unit":"px","ocean_menu_typo_font_weight":"","ocean_menu_typo_font_weight_tablet":"","ocean_menu_typo_font_weight_mobile":"","ocean_menu_typo_transform":"","ocean_menu_typo_transform_tablet":"","ocean_menu_typo_transform_mobile":"","ocean_menu_typo_line_height":0,"ocean_menu_typo_line_height_tablet":0,"ocean_menu_typo_line_height_mobile":0,"ocean_menu_typo_line_height_unit":"","ocean_menu_typo_spacing":0,"ocean_menu_typo_spacing_tablet":0,"ocean_menu_typo_spacing_mobile":0,"ocean_menu_typo_spacing_unit":"","ocean_menu_link_color":"","ocean_menu_link_color_hover":"","ocean_menu_link_color_active":"","ocean_menu_link_background":"","ocean_menu_link_hover_background":"","ocean_menu_link_active_background":"","ocean_menu_social_links_bg":"","ocean_menu_social_hover_links_bg":"","ocean_menu_social_links_color":"","ocean_menu_social_hover_links_color":"","ocean_disable_title":"on","ocean_disable_heading":"default","ocean_post_title":"","ocean_post_subheading":"","ocean_post_title_style":"","ocean_post_title_background_color":"","ocean_post_title_background":0,"ocean_post_title_bg_image_position":"","ocean_post_title_bg_image_attachment":"","ocean_post_title_bg_image_repeat":"","ocean_post_title_bg_image_size":"","ocean_post_title_height":0,"ocean_post_title_bg_overlay":0.5,"ocean_post_title_bg_overlay_color":"","ocean_disable_breadcrumbs":"default","ocean_breadcrumbs_color":"","ocean_breadcrumbs_separator_color":"","ocean_breadcrumbs_links_color":"","ocean_breadcrumbs_links_hover_color":"","ocean_display_footer_widgets":"default","ocean_display_footer_bottom":"default","ocean_custom_footer_template":"323","footnotes":""},"class_list":["post-2","page","type-page","status-publish","hentry","entry"],"_links":{"self":[{"href":"https:\/\/bigtime-studios.de\/index.php?rest_route=\/wp\/v2\/pages\/2","targetHints":{"allow":["GET"]}}],"collection":[{"href":"https:\/\/bigtime-studios.de\/index.php?rest_route=\/wp\/v2\/pages"}],"about":[{"href":"https:\/\/bigtime-studios.de\/index.php?rest_route=\/wp\/v2\/types\/page"}],"author":[{"embeddable":true,"href":"https:\/\/bigtime-studios.de\/index.php?rest_route=\/wp\/v2\/users\/1"}],"replies":[{"embeddable":true,"href":"https:\/\/bigtime-studios.de\/index.php?rest_route=%2Fwp%2Fv2%2Fcomments&post=2"}],"version-history":[{"count":129,"href":"https:\/\/bigtime-studios.de\/index.php?rest_route=\/wp\/v2\/pages\/2\/revisions"}],"predecessor-version":[{"id":744,"href":"https:\/\/bigtime-studios.de\/index.php?rest_route=\/wp\/v2\/pages\/2\/revisions\/744"}],"wp:attachment":[{"href":"https:\/\/bigtime-studios.de\/index.php?rest_route=%2Fwp%2Fv2%2Fmedia&parent=2"}],"curies":[{"name":"wp","href":"https:\/\/api.w.org\/{rel}","templated":true}]}}