{"id":51,"date":"2017-10-27T18:36:33","date_gmt":"2017-10-27T18:36:33","guid":{"rendered":"http:\/\/bigtime-studios.de\/?page_id=51"},"modified":"2018-07-24T12:33:00","modified_gmt":"2018-07-24T12:33:00","slug":"allgemeine-geschaeftsbedingungen","status":"publish","type":"page","link":"https:\/\/bigtime-studios.de\/?page_id=51","title":{"rendered":"Allgemeine Gesch\u00e4ftsbedingungen"},"content":{"rendered":"<div class=\"wpb-content-wrapper\"><p>[vc_row][vc_column][vc_column_text]<strong>BiGtime Tonstudio<\/strong><br \/>\nStefan Stoecklein<br \/>\nAidenbachstr.16<br \/>\nD-81379 M\u00fcnchen<\/p>\n<p>Hinweise zum Datenschutz erhalten Sie <a href=\"http:\/\/bigtime-studios.de\/datenschutzbelehrung\/\" target=\"_blank\" rel=\"noopener\">hier<\/a><\/p>\n<p><span style=\"color: #333333;\">1.<\/span><br \/>\n<span style=\"color: #333333;\">Die nachfolgenden Allgemeine Gesch\u00e4ftsbedingungen gelten f\u00fcr alle Vertr\u00e4ge \u00fcber k\u00fcnstlerische Leistungen, Leistungen im Tonstudiobereich sowie alle anderen erbrachten Leistungen zwischen BiGtime Tonstudio, namentlich Stefan J. Stoecklein und dem Auftraggeber ausschlie\u00dflich. Dies gilt insbesondere auch dann, wenn der Auftraggeber Allgemeine Gesch\u00e4ftsbedingungen verwendet und diese entgegenstehende oder von den hier aufgef\u00fchrten Allgemeine Gesch\u00e4ftsbedingungen abweichende Bedingungen enthalten.<\/span><\/p>\n<p class=\"p-lauftext-schwarz-links\"><span style=\"color: #333333;\">Die hier aufgef\u00fchrten Allgemeine Gesch\u00e4ftsbedingungen gelten auch, wenn BiGtime Tonstudio, namentlich Stefan J. Stoecklein in Kenntnis entgegenstehender oder von den hier aufgef\u00fchrten Bedingungen abweichender Bedingungen des Auftraggebers den Auftrag vorbehaltlos ausf\u00fchren.<\/span><\/p>\n<p class=\"p-lauftext-schwarz-links\"><span style=\"color: #333333;\">Abweichungen von den hier aufgef\u00fchrten Bedingungen sind nur nach ausdr\u00fccklicher schriftlicher Zustimmung von BiGtime Tonstudio, namentlich Stefan J. Stoecklein g\u00fcltig. In den weiteren Ausf\u00fchrungen dieser Allgemeinen Gesch\u00e4ftsbedingungen wird die Bezeichnung &#8222;BiGtime Tonstudio&#8220; stellvertretend f\u00fcr die rechtlich verantwortliche Person Stefan J. Stoecklein verwandt.<\/span><\/p>\n<h4 class=\"h3-zwischentitel-cyan-links\">2. Vertragsgegenstand, Urheberrecht und Nutzungsrechte<\/h4>\n<p class=\"p-lauftext-schwarz-links\"><span style=\"color: #333333;\">Jeder an BiGtime Tonstudio erteilte Auftrag ist ein Urheberwerkvertrag, der auf die Einr\u00e4umung von Nutzungsrechten an den Werkleistungen gerichtet ist. Die \u00dcberpr\u00fcfung der wettbewerbsrechtlichen Zul\u00e4ssigkeit der Arbeiten von BiGtime Tonstudio ist nicht Gegenstand des Vertrages. Er beinhaltet auch nicht die Pr\u00fcfung der kennzeichen- oder sonstigen schutzrechtlichen Eintragungsf\u00e4higkeit oder Verwendbarkeit der Arbeiten BiGtime Tonstudio. Entsprechende Recherchen liegen in der Verantwortung des Auftraggebers. Ausgeschlossen aus der vorstehenden Bestimmung sind reine Dienstleistungsvertr\u00e4ge zwischen BiGtime Tonstudio und dem jeweiligen Auftraggeber.<\/span><\/p>\n<p class=\"p-lauftext-schwarz-links\"><span style=\"color: #333333;\">Alle Entw\u00fcrfe, Audiodesigns, Kompositionen oder mithilfe anderer oder elektronischer Mittel angefertigte Werke unterliegen dem Urheberrechtsgesetz. Die Bestimmungen dieses Gesetzes gelten zwischen den Parteien auch dann, wenn die erforderlichen Schutzvoraussetzungen, z.\u2009B. die sog. Sch\u00f6pfungsh\u00f6he, im Einzelfall nicht gegeben sein sollten. Damit gelten in einem solchen Fall insbesondere die urhebervertragsrechtlichen Regeln der \u00a7\u00a7\u200931 ff. UrhG; dar\u00fcber hinaus stehen den Parteien insbesondere die urheberrechtlichen Anspr\u00fcche aus \u00a7\u00a7\u200997 ff. UrhG zu.<\/span><\/p>\n<p class=\"p-lauftext-schwarz-links\"><span style=\"color: #333333;\">Die Entw\u00fcrfe, Audiodesigns, Kompositionen oder mithilfe anderer oder elektronischer Mittel angefertigte Werke d\u00fcrfen ohne ausdr\u00fcckliche Einwilligung von BiGtime Tonstudio weder im Original noch bei der Reproduktion ver\u00e4ndert oder an Dritte weitergegeben werden. Jede Nachahmung \u2013 auch von Teilen \u2013 ist unzul\u00e4ssig. Ein Versto\u00df\u00a0 gegen diese Klausel berechtigt den Rechteinhaber Stefan J. Stoecklein, eine Vertragsstrafe in H\u00f6he von 100 Prozent der vereinbarten Verg\u00fctung neben der ohnehin zu zahlenden Verg\u00fctung zu fordern.<\/span><\/p>\n<p class=\"p-lauftext-schwarz-links\"><span style=\"color: #333333;\">BiGtime Tonstudio r\u00e4umt dem Auftraggeber die f\u00fcr den jeweiligen Zweck erforderlichen Nutzungsrechte ein. Soweit nichts anderes vereinbart ist, wird jeweils nur das einfache Nutzungsrecht einger\u00e4umt. Eine \u00dcbertragung der Nutzungsrechte an Dritte bedarf der schriftlichen Vereinbarung.<\/span><\/p>\n<p class=\"p-lauftext-schwarz-links\"><span style=\"color: #333333;\">Die Nutzungsrechte gehen erst nach vollst\u00e4ndiger Bezahlung der Verg\u00fctung auf den Auftraggeber \u00fcber.<\/span><\/p>\n<p class=\"p-lauftext-schwarz-links\"><span style=\"color: #333333;\">BiGtime Tonstudio ist auf den Vervielf\u00e4ltigungsst\u00fccken als Urheber zu nennen. Ein Versto\u00df gegen diese Bestimmung berechtigt BiGtime Tonstudio, eine Vertragsstrafe in H\u00f6he von 100 Prozent der vereinbarten Verg\u00fctung neben der ohnehin zu zahlenden Verg\u00fctung zu fordern.<\/span><\/p>\n<p class=\"p-lauftext-schwarz-links\"><span style=\"color: #333333;\">Vorschl\u00e4ge oder Mitarbeit des Auftraggebers bzw. seiner Mitarbeiter haben keinen Einfluss auf die H\u00f6he der Verg\u00fctung. Sie begr\u00fcnden kein Miturheberrecht.<\/span><\/p>\n<p class=\"p-lauftext-schwarz-links\"><span style=\"color: #333333;\">Die Entw\u00fcrfe, Audiodesigns, Kompositionen oder mithilfe anderer oder elektronischer Mittel angefertigte Werke d\u00fcrfen nur f\u00fcr den vereinbarten Nutzungsumfang (zeitlich, r\u00e4umlich und inhaltlich) verwendet werden. Jede Nutzung \u00fcber den vereinbarten Nutzungsumfang (zeitlich, r\u00e4umlich und inhaltlich) hinaus ist nicht gestattet und berechtigt den Urheber des Werkes, eine Vertragsstrafe in H\u00f6he von 100 Prozent der vereinbarten Verg\u00fctung f\u00fcr diese erweiterte Nutzung neben der ohnehin zu zahlenden Verg\u00fctung zu fordern.<\/span><\/p>\n<h4 class=\"h3-zwischentitel-cyan-links\">3. Verg\u00fctung<\/h4>\n<p class=\"p-lauftext-schwarz-links\"><span style=\"color: #333333;\">Entw\u00fcrfe, Audiodesigns, Kompositionen oder mithilfe anderer oder elektronischer Mittel angefertigte Werke bilden zusammen mit der Einr\u00e4umung von Nutzungsrechten eine einheitliche Leistung.<\/span><\/p>\n<p class=\"p-lauftext-schwarz-links\"><span style=\"color: #333333;\">Werden keine Nutzungsrechte einger\u00e4umt und nur Entw\u00fcrfe, Audiodesigns, Kompositionen oder mithilfe anderer oder elektronischer Mittel angefertigte Werke geliefert, entf\u00e4llt die Verg\u00fctung f\u00fcr die Nutzung.<\/span><\/p>\n<p class=\"p-lauftext-schwarz-links\"><span style=\"color: #333333;\">Die Anfertigung von Entw\u00fcrfe, Audiodesigns, Kompositionen und s\u00e4mtliche sonstigen T\u00e4tigkeiten, die BiGtime Tonstudio f\u00fcr den Auftraggeber erbringt, sind kostenpflichtig, sofern nicht ausdr\u00fccklich etwas anderes vereinbart ist.<\/span><\/p>\n<h4 class=\"h3-zwischentitel-cyan-links\">4. F\u00e4lligkeit der Verg\u00fctung, Abnahme, Verzug<\/h4>\n<p class=\"p-lauftext-schwarz-links\"><span style=\"color: #333333;\">Die Verg\u00fctung ist zu 50 Prozent der Gesamtverg\u00fctung bei Auftragserteilung und zu 50 Prozent bei Ablieferung des Werkes f\u00e4llig. Sie ist sofort ohne Abzug zahlbar. Erfordert der Auftrag von BiGtime Tonstudio finanzielle Vorleistungen, so sind Abschlagszahlungen in voller H\u00f6he der Vorleistungen zu leisten.<\/span><\/p>\n<p class=\"p-lauftext-schwarz-links\"><span style=\"color: #333333;\">Die Abnahme darf nicht aus gestalterisch-k\u00fcnstlerischen Gr\u00fcnden verweigert werden. Im Rahmen des Auftrags besteht Gestaltungsfreiheit.<\/span><\/p>\n<p class=\"p-lauftext-schwarz-links\"><span style=\"color: #333333;\">Bei Zahlungsverzug kann BiGtime Tonstudio Verzugszinsen in H\u00f6he von zehn Prozent \u00fcber dem jeweiligen Basiszinssatz der Europ\u00e4ischen Zentralbank p. a. verlangen. Die Geltendmachung eines nachgewiesenen h\u00f6heren Schadens bleibt vorbehalten.<\/span><\/p>\n<h4 class=\"h3-zwischentitel-cyan-links\">5. Sonderleistungen, Neben- und Reisekosten<\/h4>\n<p class=\"p-lauftext-schwarz-links\"><span style=\"color: #333333;\">Die angebotenen Gestaltungsarbeiten beinhalten zwei Korrektur-\/\u00c4nderungsl\u00e4ufe. Jede weitere wird nach Aufwand berechnet. Sonderleistungen wie die Umarbeitung oder \u00c4nderung von Entw\u00fcrfen, Audiodesigns, Kompositionen werden nach Zeitaufwand gesondert berechnet.<\/span><\/p>\n<p class=\"p-lauftext-schwarz-links\"><span style=\"color: #333333;\">BiGtime Tonstudio ist nach vorheriger Abstimmung mit dem Auftraggeber berechtigt, die zur Auftragserf\u00fcllung notwendigen Fremdleistungen im Namen und f\u00fcr Rechnung des Auftraggebers zu bestellen. Der Auftraggeber verpflichtet sich, BiGtime Tonstudio entsprechende Vollmacht zu erteilen.<\/span><\/p>\n<p class=\"p-lauftext-schwarz-links\"><span style=\"color: #333333;\">Soweit im Einzelfall Vertr\u00e4ge \u00fcber Fremdleistungen im Namen und f\u00fcr Rechnung von BiGtime Tonstudio abgeschlossen werden, verpflichtet sich der Auftraggeber, BiGtime Tonstudio im Innenverh\u00e4ltnis von s\u00e4mtlichen Verbindlichkeiten freizustellen, die sich aus dem Vertragsabschluss ergeben.<\/span><\/p>\n<p class=\"p-lauftext-schwarz-links\"><span style=\"color: #333333;\">Auslagen f\u00fcr technische Nebenkosten, insbesondere f\u00fcr spezielle Entw\u00fcrfe, Audiodesigns, Kompositionen etc., sind vom Auftraggeber zu erstatten.<\/span><\/p>\n<p class=\"p-lauftext-schwarz-links\"><span style=\"color: #333333;\">Reisekosten und Spesen f\u00fcr Reisen, die im Zusammenhang mit dem Auftrag zu unternehmen und mit dem Auftraggeber abgesprochen sind, sind vom Auftraggeber zu erstatten.<\/span><\/p>\n<h4 class=\"h3-zwischentitel-cyan-links\">6. Eigentum an Entw\u00fcrfen und Daten<\/h4>\n<p class=\"p-lauftext-schwarz-links\"><span style=\"color: #333333;\">An Entw\u00fcrfen, Audiodesigns, Kompositionen werden nur Nutzungsrechte einger\u00e4umt, nicht jedoch das Eigentum \u00fcbertragen.<\/span><\/p>\n<p class=\"p-lauftext-schwarz-links\"><span style=\"color: #333333;\">Die Originale sind BiGtime Tonstudio nach angemessener Frist unbesch\u00e4digt zur\u00fcckzugeben, falls nicht schriftlich etwas anderes vereinbart wurde. Bei Besch\u00e4digung oder Verlust hat der Auftraggeber die Kosten zu ersetzen, die zur Wiederherstellung der Originale notwendig sind. Die Geltendmachung eines weitergehenden Schadens bleibt unber\u00fchrt.<\/span><\/p>\n<p class=\"p-lauftext-schwarz-links\"><span style=\"color: #333333;\">Auch die in Erf\u00fcllung des Vertrages entstehenden Daten und Dateien verbleiben im Eigentum von BiGtime Tonstudio. BiGtime Tonstudio ist nicht verpflichtet, Daten und Dateien an den Auftraggeber herauszugeben. W\u00fcnscht der Auftraggeber deren Herausgabe, so ist dies gesondert zu vereinbaren und zu verg\u00fcten.<\/span><\/p>\n<p class=\"p-lauftext-schwarz-links\"><span style=\"color: #333333;\">Hat BiGtime Tonstudio dem Auftraggeber Daten und Dateien zur Verf\u00fcgung gestellt, d\u00fcrfen diese nur mit vorheriger Zustimmung von BiGtime Tonstudio ge\u00e4ndert werden.<\/span><\/p>\n<p class=\"p-lauftext-schwarz-links\"><span style=\"color: #333333;\">Die Versendung s\u00e4mtlicher in Ziffer 6.1 bis 6.4 genannten Gegenst\u00e4nde erfolgt auf Gefahr und f\u00fcr Rechnung des Auftraggebers.<\/span><\/p>\n<h4 class=\"h3-zwischentitel-cyan-links\">7. Korrektur, Produktions\u00fcberwachung, Belegexemplare und Eigenwerbung<\/h4>\n<p class=\"p-lauftext-schwarz-links\"><span style=\"color: #333333;\">Vor Ausf\u00fchrung der Vervielf\u00e4ltigung sind BiGtime Tonstudio Korrekturmuster vorzulegen.<\/span><\/p>\n<p class=\"p-lauftext-schwarz-links\"><span style=\"color: #333333;\">Die Produktions\u00fcberwachung durch BiGtime Tonstudio erfolgt nur aufgrund besonderer Vereinbarung. Bei \u00dcbernahme der Produktions\u00fcberwachung ist BiGtime Tonstudio berechtigt, nach eigenem Ermessen die notwendigen Entscheidungen zu treffen und entsprechende Anweisungen zu geben.<\/span><\/p>\n<p class=\"p-lauftext-schwarz-links\"><span style=\"color: #333333;\">Von allen vervielf\u00e4ltigten Arbeiten \u00fcberl\u00e4sst der Auftraggeber BiGtime Tonstudio unentgeltlich zehn einwandfreie Belegexemplare. BiGtime Tonstudio ist berechtigt, diese Muster und s\u00e4mtliche in Erf\u00fcllung des Vertrages entstehenden Arbeiten zum Zwecke der Eigenwerbung in s\u00e4mtlichen Medien zu verwenden und im \u00dcbrigen auf das T\u00e4tigwerden f\u00fcr den Auftraggeber hinzuweisen.<\/span><\/p>\n<h4 class=\"h3-zwischentitel-cyan-links\">8. Haftung<\/h4>\n<p class=\"p-lauftext-schwarz-links\"><span style=\"color: #333333;\">BiGtime Tonstudio haftet f\u00fcr entstandene Sch\u00e4den, z. B. an ihm \u00fcberlassenen Vorlagen, Filmen, Originalmaterial etc., nur bei Vorsatz und grober Fahrl\u00e4ssigkeit, au\u00dfer f\u00fcr Sch\u00e4den aus der Verletzung des Lebens, des K\u00f6rpers oder der Gesundheit; f\u00fcr solche Sch\u00e4den haftet auch bei leichter Fahrl\u00e4ssigkeit. Im \u00dcbrigen haftet er bei leichter Fahrl\u00e4ssigkeit nur, sofern eine Pflicht verletzt wird, deren Einhaltung f\u00fcr die Erreichung des Vertragszwecks von besonderer Bedeutung ist (Kardinalpflicht).<\/span><\/p>\n<p class=\"p-lauftext-schwarz-links\"><span style=\"color: #333333;\">F\u00fcr Auftr\u00e4ge, die im Namen und auf Rechnung des Auftraggebers an Dritte erteilt werden, \u00fcbernimmt BiGtime Tonstudio gegen\u00fcber dem Auftraggeber keinerlei Haftung. BiGtime Tonstudio tritt in diesen F\u00e4llen lediglich als Vermittler auf.<\/span><\/p>\n<p class=\"p-lauftext-schwarz-links\"><span style=\"color: #333333;\">Mit der Freigabe von Entw\u00fcrfe, Reinzeichnungen oder mithilfe anderer oder elektronischer Mittel angefertigte Werke durch den Auftraggeber \u00fcbernimmt dieser die Verantwortung f\u00fcr die technische und funktionsm\u00e4\u00dfige Richtigkeit von Produkt, Text und Bild.<\/span><\/p>\n<p class=\"p-lauftext-schwarz-links\"><span style=\"color: #333333;\">F\u00fcr solcherma\u00dfen vom Auftraggeber freigegebene Entw\u00fcrfe, Audiodesigns, Kompositionen oder mithilfe anderer oder elektronischer Mittel angefertigte Werke entf\u00e4llt jede Haftung von BiGtime Tonstudio.<\/span><\/p>\n<p class=\"p-lauftext-schwarz-links\"><span style=\"color: #333333;\">Beanstandungen offensichtlicher M\u00e4ngel sind innerhalb von 14 Tagen nach Ablieferung des Werks schriftlich bei BiGtime Tonstudio geltend zu machen. Zur Wahrung der Frist gen\u00fcgt die rechtzeitige Absendung der R\u00fcge.<\/span><\/p>\n<p class=\"p-lauftext-schwarz-links\"><span style=\"color: #333333;\">Bei Datenverlust durch h\u00f6here Gewalt oder Dateibesch\u00e4digungen \u00fcbernimmt BiGtime Tonstudio keine Haftung. Dies gilt auch f\u00fcr Quelldateien einer Website. Aktualisierungen einer bestehenden Datei kann er im Falle eines Datenverlustes ablehnen oder die Reproduktion in Absprache mit dem Auftraggeber nach Aufwand abrechnen.<\/span><\/p>\n<h4 class=\"h3-zwischentitel-cyan-links\">9. Gestaltungsfreiheit, Durchf\u00fchrung des Auftrags und Vorlagen<\/h4>\n<p class=\"p-lauftext-schwarz-links\"><span style=\"color: #333333;\">Im Rahmen des Auftrags besteht Gestaltungsfreiheit. Reklamationen hinsichtlich der k\u00fcnstlerischen Gestaltung sind ausgeschlossen. W\u00fcnscht der Auftraggeber w\u00e4hrend oder nach der Produktion \u00c4nderungen, so hat er die dadurch verursachten Mehrkosten zu tragen.<\/span><\/p>\n<p class=\"p-lauftext-schwarz-links\"><span style=\"color: #333333;\">Verz\u00f6gert sich die Durchf\u00fchrung des Auftrags aus Gr\u00fcnden, die der Auftraggeber zu vertreten hat, so kann BiGtime Tonstudio eine angemessene Erh\u00f6hung der Verg\u00fctung verlangen. Bei Vorsatz oder grober Fahrl\u00e4ssigkeit kann er auch Schadenersatzanspr\u00fcche geltend machen. Die Geltendmachung eines weitergehenden Verzugsschadens bleibt davon unber\u00fchrt.<\/span><\/p>\n<p class=\"p-lauftext-schwarz-links\"><span style=\"color: #333333;\">Der Auftraggeber versichert, dass er zur Verwendung aller BiGtime Tonstudio \u00fcbergebenen Vorlagen berechtigt ist. Sollte er entgegen dieser Versicherung nicht zur Verwendung berechtigt sein, stellt der Auftraggeber BiGtime Tonstudio von allen Ersatzanspr\u00fcchen Dritter frei.<\/span><\/p>\n<h4 class=\"h3-zwischentitel-cyan-links\">10. Vertragsaufl\u00f6sung<\/h4>\n<p class=\"p-lauftext-schwarz-links\"><span style=\"color: #333333;\">Sollte der Auftraggeber den Vertrag vorzeitig k\u00fcndigen, erh\u00e4lt BiGtime Tonstudio die vereinbarte Verg\u00fctung, muss sich jedoch ersparte Aufwendungen oder durchgef\u00fchrte oder b\u00f6swillig unterlassene Ersatzauftr\u00e4ge anrechnen lassen (\u00a7 649 BGB). Die Parteien vereinbaren eine Pauschalierung der bis zu der K\u00fcndigung erbrachten Leistungen und Aufwendungen wie folgt: bei K\u00fcndigung vor Arbeitsbeginn 10\u2009Prozent der vereinbarten Verg\u00fctung. Dar\u00fcber hinaus sind abweichende individuelle Vereinbarungen m\u00f6glich. Dem Auftraggeber bleibt der Beweis tats\u00e4chlich geringerer Leistungen oder h\u00f6herer Aufwendungen vorbehalten.<\/span><\/p>\n<h4 class=\"h3-zwischentitel-cyan-links\">11. Schlussbestimmungen<\/h4>\n<p class=\"p-lauftext-schwarz-links\"><span style=\"color: #333333;\">Sofern der Auftraggeber Kaufmann ist, ist Erf\u00fcllungsort und Gerichtsstand der Sitz von BiGtime Tonstudio, namentlich Stefan J. Stoecklein.<\/span><\/p>\n<p class=\"p-lauftext-schwarz-links\"><span style=\"color: #333333;\">Es gilt das Recht der Bundesrepublik Deutschland.<\/span><\/p>\n<p>[\/vc_column_text][\/vc_column][\/vc_row]<\/p>\n<\/div>","protected":false},"excerpt":{"rendered":"<p>[vc_row][vc_column][vc_column_text]BiGtime Tonstudio Stefan Stoecklein Aidenbachstr.16 D-81379 M\u00fcnchen Hinweise zum Datenschutz erhalten Sie hier 1. Die nachfolgenden Allgemeine Gesch\u00e4ftsbedingungen gelten f\u00fcr alle Vertr\u00e4ge \u00fcber k\u00fcnstlerische Leistungen, Leistungen im Tonstudiobereich sowie alle anderen erbrachten Leistungen zwischen BiGtime Tonstudio, namentlich Stefan J. Stoecklein und dem Auftraggeber ausschlie\u00dflich. Dies gilt insbesondere auch dann, wenn der Auftraggeber Allgemeine Gesch\u00e4ftsbedingungen verwendet [&hellip;]<\/p>\n","protected":false},"author":1,"featured_media":0,"parent":0,"menu_order":0,"comment_status":"closed","ping_status":"closed","template":"","meta":{"ocean_post_layout":"","ocean_both_sidebars_style":"","ocean_both_sidebars_content_width":0,"ocean_both_sidebars_sidebars_width":0,"ocean_sidebar":"","ocean_second_sidebar":"","ocean_disable_margins":"enable","ocean_add_body_class":"","ocean_shortcode_before_top_bar":"","ocean_shortcode_after_top_bar":"","ocean_shortcode_before_header":"","ocean_shortcode_after_header":"","ocean_has_shortcode":"","ocean_shortcode_after_title":"","ocean_shortcode_before_footer_widgets":"","ocean_shortcode_after_footer_widgets":"","ocean_shortcode_before_footer_bottom":"","ocean_shortcode_after_footer_bottom":"","ocean_display_top_bar":"default","ocean_display_header":"default","ocean_header_style":"","ocean_center_header_left_menu":"","ocean_custom_header_template":"","ocean_custom_logo":0,"ocean_custom_retina_logo":0,"ocean_custom_logo_max_width":0,"ocean_custom_logo_tablet_max_width":0,"ocean_custom_logo_mobile_max_width":0,"ocean_custom_logo_max_height":0,"ocean_custom_logo_tablet_max_height":0,"ocean_custom_logo_mobile_max_height":0,"ocean_header_custom_menu":"","ocean_menu_typo_font_family":"","ocean_menu_typo_font_subset":"","ocean_menu_typo_font_size":0,"ocean_menu_typo_font_size_tablet":0,"ocean_menu_typo_font_size_mobile":0,"ocean_menu_typo_font_size_unit":"px","ocean_menu_typo_font_weight":"","ocean_menu_typo_font_weight_tablet":"","ocean_menu_typo_font_weight_mobile":"","ocean_menu_typo_transform":"","ocean_menu_typo_transform_tablet":"","ocean_menu_typo_transform_mobile":"","ocean_menu_typo_line_height":0,"ocean_menu_typo_line_height_tablet":0,"ocean_menu_typo_line_height_mobile":0,"ocean_menu_typo_line_height_unit":"","ocean_menu_typo_spacing":0,"ocean_menu_typo_spacing_tablet":0,"ocean_menu_typo_spacing_mobile":0,"ocean_menu_typo_spacing_unit":"","ocean_menu_link_color":"","ocean_menu_link_color_hover":"","ocean_menu_link_color_active":"","ocean_menu_link_background":"","ocean_menu_link_hover_background":"","ocean_menu_link_active_background":"","ocean_menu_social_links_bg":"","ocean_menu_social_hover_links_bg":"","ocean_menu_social_links_color":"","ocean_menu_social_hover_links_color":"","ocean_disable_title":"default","ocean_disable_heading":"default","ocean_post_title":"","ocean_post_subheading":"","ocean_post_title_style":"","ocean_post_title_background_color":"","ocean_post_title_background":0,"ocean_post_title_bg_image_position":"","ocean_post_title_bg_image_attachment":"","ocean_post_title_bg_image_repeat":"","ocean_post_title_bg_image_size":"","ocean_post_title_height":0,"ocean_post_title_bg_overlay":0.5,"ocean_post_title_bg_overlay_color":"","ocean_disable_breadcrumbs":"default","ocean_breadcrumbs_color":"","ocean_breadcrumbs_separator_color":"","ocean_breadcrumbs_links_color":"","ocean_breadcrumbs_links_hover_color":"","ocean_display_footer_widgets":"default","ocean_display_footer_bottom":"default","ocean_custom_footer_template":"","footnotes":""},"class_list":["post-51","page","type-page","status-publish","hentry","entry"],"_links":{"self":[{"href":"https:\/\/bigtime-studios.de\/index.php?rest_route=\/wp\/v2\/pages\/51","targetHints":{"allow":["GET"]}}],"collection":[{"href":"https:\/\/bigtime-studios.de\/index.php?rest_route=\/wp\/v2\/pages"}],"about":[{"href":"https:\/\/bigtime-studios.de\/index.php?rest_route=\/wp\/v2\/types\/page"}],"author":[{"embeddable":true,"href":"https:\/\/bigtime-studios.de\/index.php?rest_route=\/wp\/v2\/users\/1"}],"replies":[{"embeddable":true,"href":"https:\/\/bigtime-studios.de\/index.php?rest_route=%2Fwp%2Fv2%2Fcomments&post=51"}],"version-history":[{"count":6,"href":"https:\/\/bigtime-studios.de\/index.php?rest_route=\/wp\/v2\/pages\/51\/revisions"}],"predecessor-version":[{"id":184,"href":"https:\/\/bigtime-studios.de\/index.php?rest_route=\/wp\/v2\/pages\/51\/revisions\/184"}],"wp:attachment":[{"href":"https:\/\/bigtime-studios.de\/index.php?rest_route=%2Fwp%2Fv2%2Fmedia&parent=51"}],"curies":[{"name":"wp","href":"https:\/\/api.w.org\/{rel}","templated":true}]}}